e h(-9). Suppose -n*v = 269 - 395. Calculate the greatest common factor of 18 and v.
9
Suppose 2*h = 8*h - 6. Suppose 0 = -3*y - 3*w - 9, -2*y = y - 2*w - h. Let l be 1/(-2)*-22 + 2 + y. What is the highest common divisor of l and 6?
6
Suppose 5*a + 17915 = k, -k + 4*a = -6850 - 11058. Calculate the greatest common factor of 15 and k.
15
Suppose 2*y - 14 = -2*m, 0 = 4*y - 4*m - 4 - 0. Suppose -y*x - 30 = -82. Suppose x*b - 39 = 12*b. Calculate the highest common factor of 390 and b.
39
Suppose 4*c - 479 = -191. Let r be (-2232)/(-930)*(6 - 1). Calculate the greatest common divisor of r and c.
12
Suppose 0 = d - 4*s - 7092, 5*d + 133*s - 35565 = 132*s. What is the highest common divisor of d and 112?
56
Let h = 89 + -19. Let c = -8370 + 8450. What is the greatest common divisor of c and h?
10
Suppose 3082*m + 1800 = 3088*m. What is the greatest common factor of 100 and m?
100
Let s = -670 - -670. Suppose s = c + 3*u - 30, 4*c + 3*u = 63 + 84. Let y be 429 + 0/(-1 + 0). Calculate the greatest common divisor of y and c.
39
Let l(p) = 7*p - p**3 + 302*p**2 - 25 - 309*p**2 + 0*p**3. Let x be l(-9). Suppose -2*i + x = 20. Calculate the greatest common factor of 3 and i.
3
Suppose -5*k - 1 + 11 = 0. Suppose -g = 5*c - 255, c + 2*c + 3*g = 153. Suppose 5*d = k*d + c. What is the greatest common divisor of d and 17?
17
Let a = -13891 + 13897. What is the highest common factor of 7674 and a?
6
Let z = -22 - -100. Suppose -y + 8*y - 35 = 0. Suppose -u - u = -y*o + 262, -2*o = u - 103. Calculate the greatest common divisor of o and z.
26
Suppose -4*u - 8 = 0, -3*n - 3*u - 2 = 127. Let f = n - -50. Let k be f/1 + (-2)/4*2. Calculate the greatest common factor of k and 8.
8
Suppose -3*g + 37 = 2*x, -2*x + 9 = 2*g - 25. Let o = 56 - 29. Calculate the greatest common factor of o and g.
3
Let u = 81 + -36. Suppose -13*k - 88 = -101. Let r be ((-2)/(-4)*10)/(k/1). Calculate the highest common divisor of u and r.
5
Suppose 14*q - 10*q = 2412. Let a(f) = 79*f + 483. Let g be a(-6). Calculate the greatest common factor of g and q.
9
Suppose 183*h - 113132 = -1502. What is the greatest common divisor of h and 130?
10
Let z be (-2)/7 + 928/14. Let s be 2*(-1)/(-17) - -8*20184/816. Calculate the highest common divisor of z and s.
66
Let n = -4117 - -4485. What is the highest common divisor of 48 and n?
16
Suppose 4*q - 7*q = -4*g - 192, -4*q - 5*g + 287 = 0. What is the highest common divisor of q and 833?
17
Let f(k) = 10*k - 64. Let r be f(25). Suppose r = -2*b + 218. Calculate the highest common factor of 40 and b.
8
Suppose -96 = 3*u - 33. Let x be u/(-49) + 32/(-42)*-6. Suppose 29 = 2*a + 3*v, 37 - 100 = -4*a - x*v. Calculate the greatest common factor of 66 and a.
22
Suppose b + 7*b = -16. Let y be 470/(-25)*5/b - 3. Let v = 55 - y. What is the highest common divisor of 1 and v?
1
Let n = 740 - 740. Suppose -26*f + 130 = -n*f. What is the highest common factor of 15 and f?
5
Suppose 0 = 4*v + 2*a + 3*a - 266, 3*a + 144 = 2*v. Let n be (-1)/5 + (-11 - (-663)/15). Let d = v - n. What is the highest common factor of 324 and d?
36
Let f(m) = -88*m + 43. Let u(l) = 89*l - 42. Let q(p) = 4*f(p) + 3*u(p). Let a be q(-3). Calculate the highest common factor of 7 and a.
7
Suppose 0 = 146*p - 183*p + 3330. Let f be -90*(-3 + (-9)/(-6)). What is the highest common divisor of p and f?
45
Let i be 37/5 + 8/(-20). Suppose -125*n - 30 = -130*n. Let l be (-2)/((n/7)/(-3)). What is the greatest common factor of i and l?
7
Let s(p) = -3*p**2 + 684. Let z be s(0). Suppose 80*l = 86*l - 216. Calculate the greatest common factor of z and l.
36
Let x = 23 - 9. Suppose 3*s - 5*b = 1245, s - 417 = -6*b + 7*b. What is the highest common factor of s and x?
14
Suppose -9*d + 14*d = 0. Suppose -i - 12 + 126 = d. Suppose 0 = 2*g + 32 - 108. What is the highest common divisor of g and i?
38
Suppose -60433 = 175*c - 420408. What is the greatest common divisor of 2299 and c?
121
Let j = -8765 + 17704. Calculate the highest common divisor of j and 7.
7
Let s = 88 + -85. Suppose -s*t = 5*i - 669, -t - 234 = -2*t + 2*i. Calculate the highest common factor of t and 24.
12
Suppose 1563*p + 1960 = 1571*p. Let c(u) be the first derivative of -7*u**2/2 - 1. Let o be c(-5). Calculate the greatest common factor of p and o.
35
Suppose 55*b + 128 = 59*b. Let v = -16 + 21. Suppose -v*k - 921 = -4*d, -5*d = k + 4*k - 1095. Calculate the highest common factor of d and b.
32
Let f be -2*(48/128)/(2/(-24)). Let x be (1/1)/(f/315). Calculate the highest common divisor of x and 14.
7
Let w be 305*1 - 87/29. Suppose w = 6*p + 236. Calculate the highest common divisor of p and 242.
11
Suppose 5*q - 2*y = 62299, q + y = 18567 - 6096. What is the highest common factor of q and 242?
121
Let s(v) = 2*v**3 + 8*v**2 + 18*v - 4. Let p be s(-6). Let w be 4*(-85992)/p - 6/(-16). What is the highest common divisor of 16 and w?
16
Let d = 646 + -625. Let j(u) = -78*u + 8. Let y be j(-4). Let h = -152 + y. Calculate the greatest common factor of h and d.
21
Suppose 3*s - u + 3 = -s, -4*s = -3*u + 1. Let k be 3/(-9) + (-1160)/(-6) + s. What is the highest common divisor of 32 and k?
32
Let q be (-19)/(-76) - ((-5850)/24 - 4). Calculate the greatest common divisor of 8 and q.
8
Suppose -259384 - 249703 = -43*o - 48342. Calculate the highest common factor of 5 and o.
5
Let b be (-2)/(-16) + (1959/20)/((-18)/(-285)). Calculate the highest common factor of b and 264.
33
Suppose 5*w = 0, 5*k - k + 5*w - 52 = 0. Suppose 0 = -i - 2*m + 11, -3*i - 2*m + 2 + 35 = 0. What is the greatest common divisor of i and k?
13
Let n(l) = -937*l + 745. Let q be n(-11). Calculate the highest common divisor of 54 and q.
18
Let n be 145/6 + 1/(-6). Suppose -3*r - n = -3*y + 21, -66 = -5*y + 2*r. Suppose 3*d = 3*w, y = 7*w - 2*w - d. What is the highest common factor of 33 and w?
3
Let p(t) = -2*t**3 - 23*t**2 + 9*t + 10. Let v be p(-16). Suppose 0 = -10*i + v + 1020. What is the highest common factor of 29 and i?
29
Suppose -48880 = 878*i - 143704. What is the greatest common divisor of i and 4044?
12
Let h be (2 + -1 - (-126)/(-12))*-8. Let v(t) = -2*t + 28. Let w be v(12). What is the highest common factor of h and w?
4
Suppose 3*p - 2*s - 2432 = 0, -24*s - 3220 = -4*p - 27*s. What is the highest common factor of p and 303?
101
Let a = 6966 + -5197. What is the greatest common factor of 305 and a?
61
Suppose 14*a + 16902 = -3090. Suppose -3*b + 2*z + 15 = -17, 0 = -3*b - 2*z + 28. Let r be b/(-4)*a/70. What is the highest common factor of r and 17?
17
Let t = 78 + -120. Let y = -35 - t. Suppose -10*g + 224 = 6*g. Calculate the greatest common divisor of g and y.
7
Suppose q = 8*q - 119. Suppose -2*k - 4*w = -46, -4*k + 0*k - 2*w + 74 = 0. Calculate the highest common factor of k and q.
17
Let l(m) = 10*m**3 - 7*m**2 + 14*m - 7. Let h be l(3). Let r be ((-35)/20 + 2)*h*18. What is the greatest common divisor of r and 11?
11
Suppose -2*z + 5739 = 29*j - 34*j, -3*z + 3*j + 8631 = 0. What is the highest common divisor of 22 and z?
22
Let l be 32/176 - (-1384)/11. Suppose 131*q - l*q = 1040. What is the greatest common factor of 156 and q?
52
Suppose o - 5*g - 34 = 12, 3*o + 2*g = 104. Let i(q) = q**2 - 35*q - 23. Let c be i(o). What is the greatest common divisor of c and 1?
1
Let t = 454 - 451. Suppose t*z = 4*z - 230. Calculate the greatest common factor of 10 and z.
10
Let k be 1/(-4) - 216/(-96). Let o be 19/k + 5/(-10). Let w(f) = -45*f**3 - f**2 + 1. Let u be w(-1). What is the highest common factor of o and u?
9
Let m be (-35)/(-15)*3 - 2 - -68. Let h = 122 - m. Suppose z + 16 = 2*b, b - 8*z - 17 = -3*z. What is the highest common factor of b and h?
7
Suppose 2266 = 8026*n - 8029*n + 19927. Calculate the greatest common divisor of 7 and n.
7
Suppose 6*p - 3764 + 1104 = 2*p. What is the greatest common divisor of p and 10?
5
Suppose 8916 = -119*j + 35691. Calculate the highest common divisor of 1825 and j.
25
Suppose 4*d = 162 - 1606. Let v = -355 - d. Calculate the highest common factor of v and 96.
6
Suppose -24260*i - 38934 = -24302*i. What is the highest common factor of 99 and i?
9
Suppose 1200 = 2*y + 4*k, -52*k = -51*k. What is the highest common divisor of y and 210?
30
Let y(k) = -k**2 + 5*k + 5. Let d be y(7). Let r be 10/30 - 87/